ivided by 132?
17
Calculate the remainder when 106 is divided by 6.
4
Calculate the remainder when 320 is divided by 17.
14
Calculate the remainder when 541 is divided by 44.
13
What is the remainder when 111 is divided by 56?
55
What is the remainder when 913 is divided by 56?
17
Calculate the remainder when 32202 is divided by 97.
95
What is the remainder when 334 is divided by 167?
0
Calculate the remainder when 1508 is divided by 84.
80
What is the remainder when 18 is divided by 4?
2
What is the remainder when 270 is divided by 25?
20
What is the remainder when 2710 is divided by 24?
22
What is the remainder when 182 is divided by 28?
14
What is the remainder when 110 is divided by 14?
12
Calculate the remainder when 198 is divided by 19.
8
What is the remainder when 371 is divided by 31?
30
What is the remainder when 1885 is divided by 111?
109
What is the remainder when 3647 is divided by 48?
47
What is the remainder when 560 is divided by 190?
180
What is the remainder when 1153 is divided by 289?
286
Calculate the remainder when 191 is divided by 6.
5
Calculate the remainder when 75 is divided by 8.
3
Calculate the remainder when 1901 is divided by 8.
5
Calculate the remainder when 1605 is divided by 14.
9
What is the remainder when 414 is divided by 88?
62
Calculate the remainder when 722 is divided by 22.
18
What is the remainder when 186 is divided by 9?
6
Calculate the remainder when 634 is divided by 113.
69
What is the remainder when 1267 is divided by 53?
48
What is the remainder when 800 is divided by 397?
6
Calculate the remainder when 598 is divided by 6.
4
What is the remainder when 979 is divided by 10?
9
What is the remainder when 985 is divided by 99?
94
Calculate the remainder when 922 is divided by 159.
127
What is the remainder when 385 is divided by 30?
25
What is the remainder when 204 is divided by 79?
46
Calculate the remainder when 220 is divided by 80.
60
Calculate the remainder when 175 is divided by 20.
15
Calculate the remainder when 1050 is divided by 332.
54
What is the remainder when 2103 is divided by 92?
79
What is the remainder when 46 is divided by 17?
12
What is the remainder when 68 is divided by 25?
18
What is the remainder when 156 is divided by 27?
21
Calculate the remainder when 68 is divided by 15.
8
What is the remainder when 292 is divided by 30?
22
Calculate the remainder when 4071 is divided by 97.
94
What is the remainder when 75 is divided by 50?
25
Calculate the remainder when 21839 is divided by 182.
181
Calculate the remainder when 142 is divided by 6.
4
Calculate the remainder when 620 is divided by 78.
74
What is the remainder when 59 is divided by 16?
11
What is the remainder when 7725 is divided by 16?
13
Calculate the remainder when 1233 is divided by 10.
3
Calculate the remainder when 30 is divided by 3.
0
What is the remainder when 1086 is divided by 64?
62
Calculate the remainder when 46 is divided by 10.
6
Calculate the remainder when 2357 is divided by 29.
8
What is the remainder when 109 is divided by 29?
22
What is the remainder when 154 is divided by 26?
24
Calculate the remainder when 236 is divided by 72.
20
What is the remainder when 36 is divided by 17?
2
What is the remainder when 883 is divided by 17?
16
What is the remainder when 309 is divided by 52?
49
What is the remainder when 3712 is divided by 412?
4
What is the remainder when 2579 is divided by 10?
9
Calculate the remainder when 99 is divided by 18.
9
Calculate the remainder when 258 is divided by 54.
42
Calculate the remainder when 986 is divided by 244.
10
What is the remainder when 20085 is divided by 121?
120
Calculate the remainder when 1580 is divided by 26.
20
What is the remainder when 238 is divided by 48?
46
What is the remainder when 94 is divided by 37?
20
Calculate the remainder when 2259 is divided by 2242.
17
What is the remainder when 57 is divided by 22?
13
Calculate the remainder when 3870 is divided by 258.
0
Calculate the remainder when 448 is divided by 6.
4
What is the remainder when 445 is divided by 218?
9
Calculate the remainder when 2448 is divided by 422.
338
What is the remainder when 16 is divided by 5?
1
What is the remainder when 8595 is divided by 14?
13
What is the remainder when 29 is divided by 16?
13
Calculate the remainder when 845 is divided by 237.
134
Calculate the remainder when 404 is divided by 68.
64
Calculate the remainder when 187 is divided by 27.
25
What is the remainder when 554 is divided by 17?
10
What is the remainder when 48 is divided by 21?
6
What is the remainder when 359 is divided by 7?
2
Calculate the remainder when 1105 is divided by 355.
40
Calculate the remainder when 2308 is divided by 33.
31
Calculate the remainder when 40258 is divided by 163.
160
Calculate the remainder when 788 is divided by 11.
7
Calculate the remainder when 3021 is divided by 21.
18
Calculate the remainder when 325 is divided by 2.
1
Calculate the remainder when 17 is divided by 7.
3
Calculate the remainder when 269 is divided by 16.
13
What is the remainder when 46 is divided by 6?
4
Calculate the remainder when 455 is divided by 440.
15
Calculate the remainder when 20 is divided by 18.
2
Calculate the remainder when 325 is divided by 17.
2
What is the remainder when 944 is divided by 15?
14
What is the remainder when 500 is divided by 123?
8
What is the remainder when 81 is divided by 22?
15
Calculate the remainder when 56 is divided by 12.
8
Calculate the remainder when 575 is divided by 288.
287
Calculate the remainder when 101 is divided by 35.
31
Calculate the remainder when 400 is divided by 36.
4
What is the remainder when 40 is divided by 15?
10
What is the remainder when 333 is divided by 67?
65
Calculate the remainder when 1793 is divided by 159.
44
What is the remainder when 224 is divided by 180?
44
What is the remainder when 5128 is divided by 57?
55
Calculate the remainder when 269 is divided by 72.
53
What is the remainder when 2532 is divided by 5?
2
Calculate the remainder when 17 is divided by 14.
3
What is the remainder when 144 is divided by 50?
44
Calculate the remainder when 751 is divided by 55.
36
Calculate the remainder when 2661 is divided by 116.
109
Calculate the remainder when 18 is divided by 11.
7
What is the remainder when 4 is divided by 3?
1
What is the remainder when 870 is divided by 19?
15
Calculate the remainder when 306 is divided by 91.
33
What is the remainder when 53 is divided by 25?
3
Calculate the remainder when 436 is divided by 74.
66
What is the remainder when 31 is divided by 3?
1
What is the remainder when 2766 is divided by 21?
15
What is the remainder when 5711 is divided by 34?
33
Calculate the remainder when 578 is divided by 56.
18
Calculate the remainder when 660 is divided by 107.
18
Calculate the remainder when 1354 is divided by 677.
0
What is the remainder when 923 is divided by 136?
107
Calculate the remainder when 282 is divided by 13.
9
Calculate the remainder when 1480 is divided by 99.
94
What is the remainder when 67 is divided by 34?
33
Calculate the remainder when 517 is divided by 13.
10
What is the remainder when 68 is divided by 19?
11
Calculate the remainder when 1316 is divided by 164.
4
What is the remainder when 119 is divided by 58?
3
What is the remainder when 120 is divided by 62?
58
Calculate the remainder when 899 is divided by 482.
417
Calculate the remainder when 1288 is divided by 422.
22
Calculate the remainder when 230 is divided by 21.
20
Calculate the remainder when 1146 is divided by 348.
102
Calculate the remainder when 159 is divided by 7.
5
What is the remainder when 1365 is divided by 257?
80
What is the remainder when 349 is divided by 97?
58
Calculate the remainder when 7513 is divided by 179.
174
Calculate the remainder when 61 is divided by 10.
1
What is the remainder when 1374 is divided by 26?
22
Calculate the remainder when 285 is divided by 16.
13
Calculate the remainder when 122 is divided by 36.
14
What is the remainder when 61 is divided by 49?
12
Calculate the remainder when 2267 is divided by 113.
7
What is the remainder when 393 is divided by 41?
24
Calculate the remainder when 448 is divided by 114.
106
What is the remainder when 60135 is divided by 26?
23
Calculat